{"id":122,"date":"2026-01-15T18:17:46","date_gmt":"2026-01-15T16:17:46","guid":{"rendered":"https:\/\/laciclona.coop\/?page_id=122"},"modified":"2026-01-16T21:16:34","modified_gmt":"2026-01-16T19:16:34","slug":"qui-som","status":"publish","type":"page","link":"https:\/\/laciclona.coop\/?page_id=122","title":{"rendered":"Qui som"},"content":{"rendered":"\n<div class=\"wp-block-group alignfull is-layout-flow wp-container-core-group-is-layout-f9cb6abc wp-block-group-is-layout-flow\" style=\"margin-top:0;margin-bottom:0\">\n<div class=\"wp-block-columns alignfull is-style-section-2 is-layout-flex wp-container-core-columns-is-layout-d9884270 wp-block-columns-is-layout-flex is-style-section-2--1\" style=\"padding-top:0;padding-bottom:0\">\n<div class=\"wp-block-column is-layout-flow wp-block-column-is-layout-flow\" style=\"flex-basis:50%\">\n<div class=\"wp-block-group is-vertical is-content-justification-stretch is-layout-flex wp-container-core-group-is-layout-098fff0a wp-block-group-is-layout-flex\" style=\"min-height:33vh;padding-top:var(--wp--preset--spacing--50);padding-right:var(--wp--preset--spacing--50);padding-bottom:var(--wp--preset--spacing--50);padding-left:var(--wp--preset--spacing--50)\">\n<p class=\"has-large-font-size\" style=\"border-style:none;border-width:0px;letter-spacing:0px;line-height:1.4\"><strong>Som<\/strong> <strong>una cooperativa<\/strong> especialitzada en impulsar i desenvolupar la mobilitat ciclista i la ciclolog\u00edstica. La nostra missi\u00f3 \u00e9s fomentar l\u2019\u00fas de la bicicleta com a mitj\u00e0 de transport eficient, sostenible i accessible, oferint serveis t\u00e8cnics i de dinamitzaci\u00f3 a entitats, col\u00b7lectius, empreses i administracions p\u00fabliques.<\/p>\n\n\n\n<div style=\"height:0px\" aria-hidden=\"true\" class=\"wp-block-spacer wp-container-content-3a922562\"><\/div>\n\n\n\n<h2 class=\"wp-block-heading has-xx-large-font-size\"><\/h2>\n<\/div>\n<\/div>\n\n\n\n<div class=\"wp-block-column is-layout-flow wp-block-column-is-layout-flow\" style=\"flex-basis:50%\">\n<div class=\"wp-block-cover is-light\"><img loading=\"lazy\" decoding=\"async\" width=\"1024\" height=\"683\" class=\"wp-block-cover__image-background wp-image-154 size-large\" alt=\"\" src=\"http:\/\/laciclona.coop\/wp-content\/uploads\/2026\/01\/IMG_9238-1024x683.jpg\" data-object-fit=\"cover\" srcset=\"https:\/\/laciclona.coop\/wp-content\/uploads\/2026\/01\/IMG_9238-1024x683.jpg 1024w, https:\/\/laciclona.coop\/wp-content\/uploads\/2026\/01\/IMG_9238-300x200.jpg 300w, https:\/\/laciclona.coop\/wp-content\/uploads\/2026\/01\/IMG_9238-768x512.jpg 768w, https:\/\/laciclona.coop\/wp-content\/uploads\/2026\/01\/IMG_9238-1536x1024.jpg 1536w, https:\/\/laciclona.coop\/wp-content\/uploads\/2026\/01\/IMG_9238-2048x1365.jpg 2048w\" sizes=\"auto, (max-width: 1024px) 100vw, 1024px\" \/><span aria-hidden=\"true\" class=\"wp-block-cover__background has-background-dim-0 has-background-dim\" style=\"background-color:#90837d\"><\/span><div class=\"wp-block-cover__inner-container is-layout-flow wp-block-cover-is-layout-flow\">\n<div style=\"height:var(--wp--preset--spacing--20)\" aria-hidden=\"true\" class=\"wp-block-spacer\"><\/div>\n<\/div><\/div>\n<\/div>\n<\/div>\n<\/div>\n\n\n\n<div class=\"wp-block-group alignwide is-layout-grid wp-container-core-group-is-layout-5fdb10e5 wp-block-group-is-layout-grid\" style=\"padding-top:var(--wp--preset--spacing--50);padding-bottom:var(--wp--preset--spacing--50)\">\n<div class=\"wp-block-group is-vertical is-content-justification-stretch is-nowrap is-layout-flex wp-container-core-group-is-layout-627337ab wp-block-group-is-layout-flex\">\n<h2 class=\"wp-block-heading has-x-large-font-size\">Traject\u00f2ria<\/h2>\n\n\n\n<div class=\"wp-block-group is-vertical is-content-justification-left is-layout-flex wp-container-core-group-is-layout-dd225191 wp-block-group-is-layout-flex\">\n<p class=\"is-style-text-subtitle has-large-font-size is-style-text-subtitle--2\" style=\"line-height:1.4\">El projecte neix ara fa 10 anys de l\u2019impuls de l\u2019associaci\u00f3 <a href=\"https:\/\/granollerspedala.cat\/\">Granollers Pedala<\/a>, i el 2025 les treballadores ens organitzem per crear una cooperativa que pugui sostenir la gama de serveis desenvolupats en clau pilot des de l\u2019associaci\u00f3, com la ciclolog\u00edstica, la formaci\u00f3 en mobilitat ciclista o la consultoria en l\u2019\u00e0mbit de la bicicleta; i per explorar l\u2019articulaci\u00f3 de nous serveis que puguin facilitar el creixement de la mobilitat en bicicleta a les ciutats.<br><\/p>\n<\/div>\n<\/div>\n\n\n\n<figure class=\"wp-block-image size-full wp-container-content-5fd69529\"><img loading=\"lazy\" decoding=\"async\" width=\"2080\" height=\"1350\" src=\"https:\/\/laciclona.coop\/wp-content\/uploads\/2025\/09\/logo-web-ok.gif\" alt=\"\" class=\"wp-image-85\" style=\"object-fit:cover\"\/><\/figure>\n<\/div>\n\n\n\n<div class=\"wp-block-group alignfull has-background is-layout-flow wp-block-group-is-layout-flow\" style=\"background-color:#f2f0e9\">\n<div style=\"height:70px\" aria-hidden=\"true\" class=\"wp-block-spacer\"><\/div>\n\n\n\n<div class=\"wp-block-columns alignwide is-layout-flex wp-container-core-columns-is-layout-28f84493 wp-block-columns-is-layout-flex\">\n<div class=\"wp-block-column is-layout-flow wp-block-column-is-layout-flow\">\n<div class=\"wp-block-columns is-layout-flex wp-container-core-columns-is-layout-28f84493 wp-block-columns-is-layout-flex\">\n<div class=\"wp-block-column is-layout-flow wp-block-column-is-layout-flow\" style=\"flex-basis:10%\"><\/div>\n\n\n\n<div class=\"wp-block-column is-layout-flow wp-block-column-is-layout-flow\" style=\"flex-basis:80%\">\n<figure class=\"wp-block-image size-large\"><img loading=\"lazy\" decoding=\"async\" width=\"683\" height=\"1024\" src=\"http:\/\/laciclona.coop\/wp-content\/uploads\/2026\/01\/IMG_9259-683x1024.jpg\" alt=\"\" class=\"wp-image-156\" srcset=\"https:\/\/laciclona.coop\/wp-content\/uploads\/2026\/01\/IMG_9259-683x1024.jpg 683w, https:\/\/laciclona.coop\/wp-content\/uploads\/2026\/01\/IMG_9259-200x300.jpg 200w, https:\/\/laciclona.coop\/wp-content\/uploads\/2026\/01\/IMG_9259-768x1152.jpg 768w, https:\/\/laciclona.coop\/wp-content\/uploads\/2026\/01\/IMG_9259-1024x1536.jpg 1024w, https:\/\/laciclona.coop\/wp-content\/uploads\/2026\/01\/IMG_9259-1365x2048.jpg 1365w, https:\/\/laciclona.coop\/wp-content\/uploads\/2026\/01\/IMG_9259-scaled.jpg 1707w\" sizes=\"auto, (max-width: 683px) 100vw, 683px\" \/><\/figure>\n<\/div>\n<\/div>\n<\/div>\n\n\n\n<div class=\"wp-block-column is-layout-flow wp-block-column-is-layout-flow\">\n<p class=\"has-text-color has-extra-small-font-size\" style=\"color:#000000\"><strong>Ens organitzem en el marc de l\u2019economia social i solid\u00e0ria<\/strong>, com a cooperativa de treball sense \u00e0nim de lucre, amb una aposta per un model organitzatiu que tingui en compte la cura, el benestar i el desenvolupament de les persones, garantint una remuneraci\u00f3 digna per al treball realitzat i promovent la incorporaci\u00f3 de dones en un sector molt masculinitzat. Fomentem l\u2019empoderament de les persones treballadores per a qu\u00e8 esdevinguin s\u00f2cies i corresponsables del projecte, amb una governan\u00e7a democr\u00e0tica en base al treball aportat, i no en funci\u00f3 del capital.&nbsp;<\/p>\n<\/div>\n\n\n\n<div class=\"wp-block-column is-layout-flow wp-block-column-is-layout-flow\">\n<p class=\"has-text-color has-extra-small-font-size\" style=\"color:#000000\">La nostra prioritat \u00e9s <strong>donar resposta a necessitats que permetin fer avan\u00e7ar la mobilitat en bicicleta a les nostres ciutats<\/strong>, des d\u2019una perspectiva de servei i utilitat p\u00fablica, per aix\u00f2 enfoquem la nostra activitat des de la col\u00b7laboraci\u00f3 i cooperaci\u00f3 amb les administracions locals i territorials, per contribuir al desplegament de pol\u00edtiques p\u00fabliques vinculades a la mobilitat en bicicleta.<\/p>\n<\/div>\n<\/div>\n\n\n\n<div style=\"height:70px\" aria-hidden=\"true\" class=\"wp-block-spacer\"><\/div>\n\n\n\n<div style=\"height:40px\" aria-hidden=\"true\" class=\"wp-block-spacer\"><\/div>\n<\/div>\n\n\n\n<div class=\"wp-block-group alignfull is-style-section-2 has-global-padding is-layout-constrained wp-container-core-group-is-layout-ebee8dc1 wp-block-group-is-layout-constrained is-style-section-2--3\" style=\"margin-top:0;margin-bottom:0;padding-top:var(--wp--preset--spacing--50);padding-bottom:var(--wp--preset--spacing--50)\">\n<div class=\"wp-block-group alignwide is-layout-flow wp-block-group-is-layout-flow\">\n<h2 class=\"wp-block-heading has-x-large-font-size\">\u00c0mbit d&#8217;actuaci\u00f3<\/h2>\n\n\n\n<div class=\"wp-block-columns is-layout-flex wp-container-core-columns-is-layout-28f84493 wp-block-columns-is-layout-flex\">\n<div class=\"wp-block-column is-layout-flow wp-block-column-is-layout-flow\">\n<div style=\"height:40px\" aria-hidden=\"true\" class=\"wp-block-spacer\"><\/div>\n\n\n\n<p>En clau territorial, l\u2019\u00e0mbit d\u2019actuaci\u00f3 directa \u00e9s la conurbaci\u00f3 de Granollers, que inclou tot l\u2019\u00e0mbit urb\u00e0 de la ciutat de Granollers i els barris de Canovelles, Les Franqueses i La Roca del Vall\u00e8s amb els que hi ha continu\u00eftat urbana, amb inter\u00e8s i voluntat d\u2019incid\u00e8ncia pel desenvolupament de la mobilitat en bicicleta al conjunt de la comarca del Vall\u00e8s Oriental i del pa\u00eds. En l\u2019\u00e0mbit de la ciclolog\u00edstica, la Zona de Baixes Emissions de Granollers esdev\u00e9 un \u00e0mbit d\u2019especial atenci\u00f3 on desenvolupar serveis de distribuci\u00f3 d\u2019\u00faltima milla.<\/p>\n<\/div>\n\n\n\n<div class=\"wp-block-column is-layout-flow wp-block-column-is-layout-flow\">\n<figure class=\"wp-block-image alignright size-full is-resized is-style-default\"><img loading=\"lazy\" decoding=\"async\" width=\"2000\" height=\"1734\" src=\"https:\/\/laciclona.coop\/wp-content\/uploads\/2026\/01\/LaCiclona_mapaweb_verd.png\" alt=\"\" class=\"wp-image-222\" style=\"aspect-ratio:1.1534708011962853;width:494px;height:auto\" srcset=\"https:\/\/laciclona.coop\/wp-content\/uploads\/2026\/01\/LaCiclona_mapaweb_verd.png 2000w, https:\/\/laciclona.coop\/wp-content\/uploads\/2026\/01\/LaCiclona_mapaweb_verd-300x260.png 300w, https:\/\/laciclona.coop\/wp-content\/uploads\/2026\/01\/LaCiclona_mapaweb_verd-1024x888.png 1024w, https:\/\/laciclona.coop\/wp-content\/uploads\/2026\/01\/LaCiclona_mapaweb_verd-768x666.png 768w, https:\/\/laciclona.coop\/wp-content\/uploads\/2026\/01\/LaCiclona_mapaweb_verd-1536x1332.png 1536w\" sizes=\"auto, (max-width: 2000px) 100vw, 2000px\" \/><\/figure>\n<\/div>\n<\/div>\n<\/div>\n<\/div>\n\n\n\n<figure class=\"wp-block-image alignfull size-large\"><img loading=\"lazy\" decoding=\"async\" width=\"1024\" height=\"522\" src=\"https:\/\/laciclona.coop\/wp-content\/uploads\/2026\/01\/IMG_9308_pay-1024x522.jpg\" alt=\"\" class=\"wp-image-224\" srcset=\"https:\/\/laciclona.coop\/wp-content\/uploads\/2026\/01\/IMG_9308_pay-1024x522.jpg 1024w, https:\/\/laciclona.coop\/wp-content\/uploads\/2026\/01\/IMG_9308_pay-300x153.jpg 300w, https:\/\/laciclona.coop\/wp-content\/uploads\/2026\/01\/IMG_9308_pay-768x391.jpg 768w, https:\/\/laciclona.coop\/wp-content\/uploads\/2026\/01\/IMG_9308_pay-1536x783.jpg 1536w, https:\/\/laciclona.coop\/wp-content\/uploads\/2026\/01\/IMG_9308_pay-2048x1043.jpg 2048w\" sizes=\"auto, (max-width: 1024px) 100vw, 1024px\" \/><\/figure>\n\n\n\n<div class=\"wp-block-group alignwide is-style-default is-layout-flow wp-container-core-group-is-layout-d58a0413 wp-block-group-is-layout-flow\" style=\"padding-top:var(--wp--preset--spacing--50);padding-bottom:var(--wp--preset--spacing--50)\">\n<h2 class=\"wp-block-heading has-x-large-font-size\">Intercooperaci\u00f3<\/h2>\n\n\n\n<p>Ens agrada establir relacions d\u2019intercooperaci\u00f3 m\u00e9s que de client-prove\u00efdor, on hi hagi objectius i valors compartits en l\u2019activitat realitzada. Ens articulem en xarxa amb altres cooperatives i organitzacions per impulsar i desplegar la ciclolog\u00edstica o la formaci\u00f3 en mobilitat ciclista a la comarca i arreu del pa\u00eds, i per mancomunar serveis i activitats que ens ajudin a fer m\u00e9s viable el projecte, i per aconseguir una major capacitat d\u2019incid\u00e8ncia a nivell pol\u00edtic i institucional.<br><\/p>\n\n\n\n<div class=\"wp-block-columns is-layout-flex wp-container-core-columns-is-layout-cbe57604 wp-block-columns-is-layout-flex\">\n<div class=\"wp-block-column is-layout-flow wp-block-column-is-layout-flow\">\n<div class=\"wp-block-group is-layout-flow wp-block-group-is-layout-flow\" style=\"border-top-color:var(--wp--preset--color--accent-6);border-top-width:1px;padding-top:var(--wp--preset--spacing--30);padding-bottom:var(--wp--preset--spacing--30)\">\n<figure class=\"wp-block-image size-full is-resized\"><a href=\"https:\/\/somecologistica.org\/\"><img loading=\"lazy\" decoding=\"async\" width=\"834\" height=\"417\" src=\"https:\/\/laciclona.coop\/wp-content\/uploads\/2026\/01\/Logos-web-la-ciclonaa-02.png\" alt=\"\" class=\"wp-image-143\" style=\"width:233px;height:auto\" srcset=\"https:\/\/laciclona.coop\/wp-content\/uploads\/2026\/01\/Logos-web-la-ciclonaa-02.png 834w, https:\/\/laciclona.coop\/wp-content\/uploads\/2026\/01\/Logos-web-la-ciclonaa-02-300x150.png 300w, https:\/\/laciclona.coop\/wp-content\/uploads\/2026\/01\/Logos-web-la-ciclonaa-02-768x384.png 768w\" sizes=\"auto, (max-width: 834px) 100vw, 834px\" \/><\/a><\/figure>\n\n\n\n<h3 class=\"wp-block-heading\"><br>Som Ecolog\u00edstica \u00e9s la xarxa ciclolog\u00edstica cooperativa de Catalunya. En som s\u00f2cies de serveis.<\/h3>\n<\/div>\n<\/div>\n\n\n\n<div class=\"wp-block-column is-layout-flow wp-block-column-is-layout-flow\">\n<div class=\"wp-block-group is-layout-flow wp-block-group-is-layout-flow\" style=\"border-top-color:var(--wp--preset--color--accent-6);border-top-width:1px;padding-top:var(--wp--preset--spacing--30);padding-bottom:var(--wp--preset--spacing--30)\">\n<figure class=\"wp-block-image size-full is-resized\"><a href=\"https:\/\/coopcycle.org\/fr\/\"><img loading=\"lazy\" decoding=\"async\" width=\"834\" height=\"417\" src=\"https:\/\/laciclona.coop\/wp-content\/uploads\/2026\/01\/Logos-web-la-ciclonaa_Mesa-de-trabajo-1.png\" alt=\"\" class=\"wp-image-144\" style=\"width:229px;height:auto\" srcset=\"https:\/\/laciclona.coop\/wp-content\/uploads\/2026\/01\/Logos-web-la-ciclonaa_Mesa-de-trabajo-1.png 834w, https:\/\/laciclona.coop\/wp-content\/uploads\/2026\/01\/Logos-web-la-ciclonaa_Mesa-de-trabajo-1-300x150.png 300w, https:\/\/laciclona.coop\/wp-content\/uploads\/2026\/01\/Logos-web-la-ciclonaa_Mesa-de-trabajo-1-768x384.png 768w\" sizes=\"auto, (max-width: 834px) 100vw, 834px\" \/><\/a><\/figure>\n\n\n\n<h3 class=\"wp-block-heading\">CoopCycle \u00e9s una federaci\u00f3 internacional de cooperatives de bicimissatgeria. Entre d\u2019altres, ha desenvolupat un programari de codi obert que fem servir en el nostre dia a dia per gestionar les comandes.<\/h3>\n<\/div>\n<\/div>\n<\/div>\n\n\n\n<div class=\"wp-block-columns is-layout-flex wp-container-core-columns-is-layout-cbe57604 wp-block-columns-is-layout-flex\">\n<div class=\"wp-block-column is-layout-flow wp-block-column-is-layout-flow\">\n<div class=\"wp-block-group is-layout-flow wp-block-group-is-layout-flow\" style=\"border-top-color:var(--wp--preset--color--accent-6);border-top-width:1px;padding-top:var(--wp--preset--spacing--30);padding-bottom:var(--wp--preset--spacing--30)\">\n<figure class=\"wp-block-image size-full is-resized\"><a href=\"https:\/\/unabicimas.com\/\"><img loading=\"lazy\" decoding=\"async\" width=\"834\" height=\"417\" src=\"https:\/\/laciclona.coop\/wp-content\/uploads\/2026\/01\/Logos-web-la-ciclonaa-03.png\" alt=\"\" class=\"wp-image-146\" style=\"width:229px;height:auto\" srcset=\"https:\/\/laciclona.coop\/wp-content\/uploads\/2026\/01\/Logos-web-la-ciclonaa-03.png 834w, https:\/\/laciclona.coop\/wp-content\/uploads\/2026\/01\/Logos-web-la-ciclonaa-03-300x150.png 300w, https:\/\/laciclona.coop\/wp-content\/uploads\/2026\/01\/Logos-web-la-ciclonaa-03-768x384.png 768w\" sizes=\"auto, (max-width: 834px) 100vw, 834px\" \/><\/a><\/figure>\n\n\n\n<h3 class=\"wp-block-heading\">La Factoria de Ciclistes \u00e9s una associaci\u00f3 que coordina les empreses o associacions que es dediquen a la Formaci\u00f3 en Ciclisme Urb\u00e0. Des de La Ciclona, oferim formaci\u00f3 ciclista i utilitzem la metodologia \u201cUna bici m\u00e9s\u201d per ensenyar a anar en bici i circular per la ciutat.<\/h3>\n<\/div>\n<\/div>\n\n\n\n<div class=\"wp-block-column is-layout-flow wp-block-column-is-layout-flow\">\n<div class=\"wp-block-group is-layout-flow wp-block-group-is-layout-flow\" style=\"border-top-color:var(--wp--preset--color--accent-6);border-top-width:1px;padding-top:var(--wp--preset--spacing--30);padding-bottom:var(--wp--preset--spacing--30)\">\n<figure class=\"wp-block-image size-full is-resized\"><a href=\"https:\/\/www.cooperativestreball.coop\/\"><img loading=\"lazy\" decoding=\"async\" width=\"834\" height=\"417\" src=\"https:\/\/laciclona.coop\/wp-content\/uploads\/2026\/01\/Logos-web-la-ciclona-04-ok.png\" alt=\"\" class=\"wp-image-145\" style=\"width:229px;height:auto\" srcset=\"https:\/\/laciclona.coop\/wp-content\/uploads\/2026\/01\/Logos-web-la-ciclona-04-ok.png 834w, https:\/\/laciclona.coop\/wp-content\/uploads\/2026\/01\/Logos-web-la-ciclona-04-ok-300x150.png 300w, https:\/\/laciclona.coop\/wp-content\/uploads\/2026\/01\/Logos-web-la-ciclona-04-ok-768x384.png 768w\" sizes=\"auto, (max-width: 834px) 100vw, 834px\" \/><\/a><\/figure>\n\n\n\n<h3 class=\"wp-block-heading\">Cooperatives de Treball \u00e9s una federaci\u00f3 que representa i agrupa les cooperatives de Catalunya. Des de La Ciclona en som s\u00f2cies.&nbsp;<\/h3>\n<\/div>\n<\/div>\n<\/div>\n<\/div>\n\n\n\n<div class=\"wp-block-group alignfull is-style-section-3 has-global-padding is-layout-constrained wp-container-core-group-is-layout-08655630 wp-block-group-is-layout-constrained is-style-section-3--4\" style=\"margin-top:0;margin-bottom:0;padding-top:var(--wp--preset--spacing--80);padding-bottom:var(--wp--preset--spacing--80)\">\n<div class=\"wp-block-group alignwide is-layout-flow wp-block-group-is-layout-flow\">\n<p class=\"has-text-align-center is-style-text-display is-style-text-display--5\" style=\"font-style:normal;font-weight:400\"><strong>Teniu preguntes? <br><a href=\"https:\/\/laciclona.coop\/?page_id=115\" data-type=\"page\" data-id=\"115\" rel=\"nofollow\">No dubteu a posar-vos en contacte amb nosaltres.<\/a><\/strong><\/p>\n\n\n\n<div style=\"height:var(--wp--preset--spacing--40)\" aria-hidden=\"true\" class=\"wp-block-spacer\"><\/div>\n<\/div>\n<\/div>\n\n\n\n<p><\/p>\n","protected":false},"excerpt":{"rendered":"<p>Som una cooperativa especialitzada en impulsar i desenvolupar la mobilitat ciclista i la ciclolog\u00edstica. La nostra missi\u00f3 \u00e9s fomentar l\u2019\u00fas de la bicicleta com a mitj\u00e0 de transport eficient, sostenible i accessible, oferint serveis t\u00e8cnics i de dinamitzaci\u00f3 a entitats, col\u00b7lectius, empreses i administracions p\u00fabliques. Traject\u00f2ria El projecte neix ara fa 10 anys de l\u2019impuls [&hellip;]<\/p>\n","protected":false},"author":1,"featured_media":0,"parent":0,"menu_order":0,"comment_status":"closed","ping_status":"closed","template":"","meta":{"footnotes":""},"class_list":["post-122","page","type-page","status-publish","hentry"],"_links":{"self":[{"href":"https:\/\/laciclona.coop\/index.php?rest_route=\/wp\/v2\/pages\/122","targetHints":{"allow":["GET"]}}],"collection":[{"href":"https:\/\/laciclona.coop\/index.php?rest_route=\/wp\/v2\/pages"}],"about":[{"href":"https:\/\/laciclona.coop\/index.php?rest_route=\/wp\/v2\/types\/page"}],"author":[{"embeddable":true,"href":"https:\/\/laciclona.coop\/index.php?rest_route=\/wp\/v2\/users\/1"}],"replies":[{"embeddable":true,"href":"https:\/\/laciclona.coop\/index.php?rest_route=%2Fwp%2Fv2%2Fcomments&post=122"}],"version-history":[{"count":21,"href":"https:\/\/laciclona.coop\/index.php?rest_route=\/wp\/v2\/pages\/122\/revisions"}],"predecessor-version":[{"id":298,"href":"https:\/\/laciclona.coop\/index.php?rest_route=\/wp\/v2\/pages\/122\/revisions\/298"}],"wp:attachment":[{"href":"https:\/\/laciclona.coop\/index.php?rest_route=%2Fwp%2Fv2%2Fmedia&parent=122"}],"curies":[{"name":"wp","href":"https:\/\/api.w.org\/{rel}","templated":true}]}}